, what is -122 + 517?
3e5
In base 4, what is -20030102 - -12?
-20030030
In base 7, what is -1050 - 10222?
-11302
In base 9, what is 4 - 1287082?
-1287077
In base 7, what is -3413656 - 2?
-3413661
In base 3, what is -1022211 + -1121201?
-2221112
In base 15, what is -142 + -21a?
-35c
In base 5, what is -41 - 1413434?
-1414030
In base 4, what is -101110222 - 1122?
-101112010
In base 16, what is 12323 - -3?
12326
In base 3, what is -1 - 210200012?
-210200020
In base 7, what is 441532 - 5?
441524
In base 2, what is 11 - 10010000111001?
-10010000110110
In base 16, what is -5ac - -f8d?
9e1
In base 2, what is -100111001111010 - 10?
-100111001111100
In base 11, what is -2 + -37357?
-37359
In base 3, what is -1220 - -2022020211?
2022011221
In base 16, what is 131dd + 0?
131dd
In base 3, what is 220202122 + -201?
220201221
In base 5, what is 44241033 + 1?
44241034
In base 3, what is -1000 + -21210121?
-21211121
In base 15, what is d1 + -ae81?
-ada0
In base 7, what is 215 - 1363?
-1145
In base 7, what is 12561 + -160?
12401
In base 12, what is -3537 + 9?
-352a
In base 10, what is -2 - 531265?
-531267
In base 9, what is -12 + 7203?
7181
In base 14, what is 2 - 10305?
-10303
In base 6, what is -23153 + -21?
-23214
In base 7, what is 20 - 6660?
-6640
In base 7, what is -21 - -565?
544
In base 6, what is 4222321 - -3?
4222324
In base 7, what is -214621 + 3?
-214615
In base 12, what is 4 + -153b76?
-153b72
In base 9, what is 20372 + -456?
18815
In base 2, what is -10100011010101 - -1100001000?
-10010111001101
In base 11, what is 1 + -290789?
-290788
In base 15, what is 18 + 661?
679
In base 3, what is -2 - -11022010?
11022001
In base 3, what is -10000120121 + 10?
-10000120111
In base 13, what is 100c + 52?
1061
In base 16, what is -63 - -20?
-43
In base 7, what is -166013 + -3?
-166016
In base 13, what is -12085 + 1?
-12084
In base 4, what is 11 - -113020111?
113020122
In base 16, what is -1 + -c1ea7?
-c1ea8
In base 7, what is 1022 - 65?
624
In base 2, what is -11101001010010101 + -1?
-11101001010010110
In base 9, what is 32 + 77173?
77215
In base 7, what is 334 + -56?
245
In base 9, what is -182 + -1322?
-1514
In base 6, what is 11244 - 203?
11041
In base 16, what is -1 - e39f?
-e3a0
In base 16, what is 21664 - -2?
21666
In base 13, what is 3402 + -b?
33c4
In base 12, what is -45988 - -2?
-45986
In base 10, what is 1513 - 321?
1192
In base 16, what is 3 - -9bf?
9c2
In base 2, what is 101 - 110100010111111?
-110100010111010
In base 9, what is -13 + 16242?
16228
In base 14, what is 1a203 - -d?
1a212
In base 11, what is -431 - 27?
-458
In base 3, what is -2101010000012 - 12?
-2101010000101
In base 5, what is -314 + 130121?
124302
In base 4, what is 121020 + 1332?
123012
In base 13, what is -23 - -237a0?
2377a
In base 4, what is 333001200 + 0?
333001200
In base 13, what is -12 + -154b?
-1560
In base 2, what is -1001010100010001 + -10011?
-1001010100100100
In base 4, what is 3 + 2202210?
2202213
In base 16, what is -3c + fa?
be
In base 12, what is -57513 - 1?
-57514
In base 16, what is 2fe05 - 4?
2fe01
In base 4, what is 3 - -2113020?
2113023
In base 6, what is -12 - -15402?
15350
In base 9, what is -21 + -12602?
-12623
In base 7, what is 213151 - -2?
213153
In base 4, what is -1113222 + -122?
-1120010
In base 15, what is -1232 + -59?
-128b
In base 11, what is 17 + 12962?
12979
In base 14, what is 7 + 4b91d?
4b926
In base 9, what is -5 + -888837?
-888843
In base 16, what is -1c - 2bf?
-2db
In base 3, what is 2 - -11021120?
11021122
In base 4, what is 32 + -2311210?
-2311112
In base 10, what is 128719 + -9?
128710
In base 5, what is 23 - 1311313?
-1311240
In base 15, what is 1 - 629d?
-629c
In base 5, what is 10 + -4023334?
-4023324
In base 13, what is -14aa4 - 2?
-14aa6
In base 12, what is -126640 + -3?
-126643
In base 16, what is 26fc + 9?
2705
In base 12, what is -441 + 205?
-238
In base 4, what is -22112332121 - -10?
-22112332111
In base 3, what is 201 - 210111?
-202210
In base 9, what is -423 - 225?
-648
In base 7, what is -10 + -13622?
-13632
In base 14, what is 1da983 + -1?
1da982
In base 13, what is 181c + -1c7?
1625
In base 8, what is -5263 - -115?
-5146
In base 13, what is b - 2cb3?
-2ca5
In base 4, what is 1 + 2203322?
2203323
In base 8, what is 2103 + 2055?
4160
In base 15, what is 3ec + -1d6?
216
In base 2, what is 110010001111011010 - 0?
110010001111011010
In base 9, what is 5447 - 156?
5281
In base 12, what is -2 - 1580?
-1582
In base 9, what is -473 + -2015?
-2488
In base 11, what is -120 - 170?
-290
In base 12, what is -4 + -8b132?
-8b136
In base 4, what is 3 + -13303312?
-13303303
In base 3, what is 2212100 - -220101?
10202201
In base 16, what is 1969 - -4?
196d
In base 2, what is 101001011010 - 10011?
101001000111
In base 15, what is 6e7b + -3?
6e78
In base 2, what is -101111001 + -1001111101?
-1111110110
In base 15, what is -1cdda - -2?
-1cdd8
In base 10, what is 5976 - 9?
5967
In base 7, what is 305 - -204?
512
In base 9, what is -3 - 57245?
-57248
In base 11, what is 269 - -3a26?
4194
In base 2, what is -101101011 - 1010000001?
-1111101100
In base 16, what is 189d - cb?
17d2
In base 4, what is -3130 - 13?
-3203
In base 2, what is 1010111 + 10000100110111?
10000110001110
In base 2, what is -1111111101 - -10011?
-1111101010
In base 5, what is 20332403 + -3?
20332400
In base 8, what is 11 - -1073114?
1073125
In base 16, what is -780d - -4?
-7809
In base 14, what is -4 + 8990?
898a
In base 4, what is -12033103331 - 0?
-12033103331
In base 6, what is -34555 - -110?
-34445
In base 12, what is -135296 - -3?
-135293
In base 10, what is 1181 - 259?
922
In base 14, what is 6 - -1c939?
1c941
In base 7, what is 1 - -1131014?
1131015
In base 3, what is 12 + -101200000?
-101122211
In base 6, what is -1531 + -12?
-1543
In base 8, what is -16 - 43067?
-43105
In base 3, what is 0 + -220222110?
-220222110
In base 15, what is 5 + 5de0?
5de5
In base 14, what is 4c + 8c80?
8ccc
In base 9, what is -3327 + 155?
-3162
In base 8, what is 127 - 24475?
-24346
In base 15, what is 4 + -4733?
-472e
In base 11, what is -2a + -761?
-790
In base 12, what is 0 + 328969?
328969
In base 15, what is 415 - 54?
3b1
In base 12, what is 4 - -75671?
75675
In base 9, what is -5054 - -46?
-5007
In base 15, what is -1a92 - -19?
-1a78
In base 6, what is -3013132 + 5?
-3013123
In base 16, what is 0 - 11d4b?
-11d4b
In base 14, what is -187210 + 5?
-187209
In base 3, what is -221 + 1012?
21
In base 11, what is 2111 + -74?
2048
In base 6, what is 3 - 1451410?
-1451403
In base 9, what is -80421 + 23?
-80387
In base 15, what is 219b9 - -8?
219c2
In base 15, what is -4 + 4a0b?
4a07
In base 7, what is -53011 + -11?
-53022
In base 12, what is 44 - 185?
-141
In base 6, what is 11 - -105512?
105523
In base 4, what is 213020 + 21?
213101
In base 5, what is -10421 + 40?
-10331
In base 5, what is 10 + 21033410?
21033420
In base 2, what is -100000111010110000 - -101?
-100000111010101011
In base 6, what is 2 - 13041315?
-13041313
In base 5, what is -1 + 1324304?
1324303
In base 14, what is 0 + 1a72d?
1a72d
In base 9, what is -17844 - -6?
-17837
In base 2, what is -110010100000 - -100?
-110010011100
In base 11, what is 7334 + -18?
7317
In base 5, what is 204 - -112343?
113102
In base 2, what is 1001001010101011 + 101?
1001001010110000
In base 3, what is -10112011000 + 1102?
-10112002121
In base 10, what is 4 + 7220?
7224
In base 7, what is 46 + -412?
-333
In base 15, what is -3cdb2 + 2?
-3cdb0
In base 14, what is 5 - 2b452?
-2b44b
In base 3, what is -110 - 22022021?
-22022201
In base 8, what is 0 - 30503?
-30503
In base 6, what is -2 + 12424401?
12424355
In base 11, what is 3 - 100a2?
-1009a
In base 6, what is -34112121 - -4?
-34112113
In base 8, what is 136071 + 3?
136074
In base 10, what is 3733 + -7?
3726
In base 13, what is 145 + -28b8?
-2773
In base 2, what is 110101000011100100 - 100?
110101000011100000
In base 11, what is 626 - 27?
5aa
In base 13, what is 34 - 76b?
-737
In base 15, what is 0 - -8cd7?
8cd7
In base 14, what is -37435a - 2?
-37435c
In base 9, what is 0 - -746775?
746775
In base 13, what is 0 - -c331a?
c331a
In base 13, what is 2494 - -2?
2496
In base 7, what is -116213 - -2?
-116211
In base 7, what is -1120 + 6362?
5242
In base 6, what is -2344 + -524?
-3312
In base 3, what is 21